{"id":3065,"date":"2021-02-19T03:19:16","date_gmt":"2021-02-19T03:19:16","guid":{"rendered":"http:\/\/demo.ovathemes.com\/asting\/?page_id=3065"},"modified":"2022-11-11T13:04:48","modified_gmt":"2022-11-11T13:04:48","slug":"amac-ve-gorevlerimiz","status":"publish","type":"page","link":"http:\/\/www.atkoykoop.com\/index.php\/amac-ve-gorevlerimiz\/","title":{"rendered":"Ama\u00e7 ve G\u00f6revlerimiz"},"content":{"rendered":"\t\t<div data-elementor-type=\"wp-page\" data-elementor-id=\"3065\" class=\"elementor elementor-3065\">\n\t\t\t\t\t\t\t\t\t<section class=\"elementor-section elementor-top-section elementor-element elementor-element-0983977 elementor-section-boxed elementor-section-height-default elementor-section-height-default\" data-id=\"0983977\" data-element_type=\"section\" data-settings=\"{&quot;background_background&quot;:&quot;classic&quot;}\">\n\t\t\t\t\t\t<div class=\"elementor-container elementor-column-gap-default\">\n\t\t\t\t\t<div class=\"elementor-column elementor-col-100 elementor-top-column elementor-element elementor-element-4312b34\" data-id=\"4312b34\" data-element_type=\"column\">\n\t\t\t<div class=\"elementor-widget-wrap elementor-element-populated\">\n\t\t\t\t\t\t\t\t<div class=\"elementor-element elementor-element-337118f elementor-widget elementor-widget-ova_heading\" data-id=\"337118f\" data-element_type=\"widget\" data-widget_type=\"ova_heading.default\">\n\t\t\t\t<div class=\"elementor-widget-container\">\n\t\t\t\t\t<div class=\"ova-heading\">\n\n\t\t\t\t\t\t\t<h4 class=\"sub_title thrid_font\">Atk\u00f6y Kooperatifinin<\/h4>\n\t\t\t\t\t\t\n\t\t\t\t\t\t\t<h2 class=\"title second_font\">Ama\u00e7 ve G\u00f6revleri<\/h2>\n\t\t\t\n\t\t\t\n\t\t<\/div>\n\t\t\t\t<\/div>\n\t\t\t\t<\/div>\n\t\t\t\t\t<\/div>\n\t\t<\/div>\n\t\t\t\t\t\t\t<\/div>\n\t\t<\/section>\n\t\t\t\t<section class=\"elementor-section elementor-top-section elementor-element elementor-element-2e14a57 elementor-section-boxed elementor-section-height-default elementor-section-height-default\" data-id=\"2e14a57\" data-element_type=\"section\" data-settings=\"{&quot;background_background&quot;:&quot;classic&quot;}\">\n\t\t\t\t\t\t<div class=\"elementor-container elementor-column-gap-default\">\n\t\t\t\t\t<div class=\"elementor-column elementor-col-50 elementor-top-column elementor-element elementor-element-40b6409\" data-id=\"40b6409\" data-element_type=\"column\">\n\t\t\t<div class=\"elementor-widget-wrap elementor-element-populated\">\n\t\t\t\t\t\t\t\t<div class=\"elementor-element elementor-element-fc81e8c elementor-widget elementor-widget-ova_heading\" data-id=\"fc81e8c\" data-element_type=\"widget\" data-widget_type=\"ova_heading.default\">\n\t\t\t\t<div class=\"elementor-widget-container\">\n\t\t\t\t\t<div class=\"ova-heading\">\n\n\t\t\t\t\t\t\t<h4 class=\"sub_title thrid_font\">Vizyonumuz<\/h4>\n\t\t\t\t\t\t\n\t\t\t\t\t\t\t<h2 class=\"title second_font\">Amac\u0131m\u0131z<\/h2>\n\t\t\t\n\t\t\t\n\t\t<\/div>\n\t\t\t\t<\/div>\n\t\t\t\t<\/div>\n\t\t\t\t<div class=\"elementor-element elementor-element-03a5bcf elementor-widget elementor-widget-text-editor\" data-id=\"03a5bcf\" data-element_type=\"widget\" data-widget_type=\"text-editor.default\">\n\t\t\t\t<div class=\"elementor-widget-container\">\n\t\t\t<style>\/*! elementor - v3.12.1 - 02-04-2023 *\/\n.elementor-widget-text-editor.elementor-drop-cap-view-stacked .elementor-drop-cap{background-color:#69727d;color:#fff}.elementor-widget-text-editor.elementor-drop-cap-view-framed .elementor-drop-cap{color:#69727d;border:3px solid;background-color:transparent}.elementor-widget-text-editor:not(.elementor-drop-cap-view-default) .elementor-drop-cap{margin-top:8px}.elementor-widget-text-editor:not(.elementor-drop-cap-view-default) .elementor-drop-cap-letter{width:1em;height:1em}.elementor-widget-text-editor .elementor-drop-cap{float:left;text-align:center;line-height:1;font-size:50px}.elementor-widget-text-editor .elementor-drop-cap-letter{display:inline-block}<\/style>\t\t\t\t<ol><li>Ortaklar\u0131m\u0131z\u0131 modern tar\u0131m\u0131 ve hayvanc\u0131l\u0131k i\u015flerinde daha k\u00e2rl\u0131, daha verimli, daha kaliteli \u00fcretime te\u015fvik etmek.<\/li><li>Ortaklar\u0131m\u0131z\u0131n bu ama\u00e7ta kar\u015f\u0131la\u015ft\u0131klar\u0131 sorunlarda yard\u0131mda bulunmak, onlara her t\u00fcrl\u00fc deste\u011fi sa\u011flamak. Kooperatifi maddi ve manevi y\u00f6nden g\u00fc\u00e7l\u00fc tutarak ortaklar\u0131m\u0131za g\u00fcven veren bir kurum olarak devam etmek.<\/li><li>K\u00f6y\u00fcm\u00fczde yeni i\u015f alanlar\u0131 a\u00e7arak ekonomik kalk\u0131nmaya katk\u0131da bulunmak.<\/li><li>Ortaklar\u0131m\u0131z\u0131n meselki,sosyal ve ekonomik \u00e7\u0131karlar\u0131n\u0131 korumak ve iyile\u015ftirmek.<\/li><li>Ortaklar\u0131m\u0131za, ucuz ve kaliteli mal sa\u011flamay\u0131 ama\u00e7 edinerek bu do\u011frultuda politikalar geli\u015ftirmek, \u00e7al\u0131\u015fmalar yapmak.<\/li><li>Elde edilen k\u00fc\u00e7\u00fck tasarruflar\u0131, b\u00fcy\u00fck yat\u0131r\u0131mlara d\u00f6n\u00fc\u015ft\u00fcrmek.<\/li><li>\u00c7evremize \u00f6rnek olmaya devam eden bir kooperatif olmak.<\/li><\/ol>\t\t\t\t\t\t<\/div>\n\t\t\t\t<\/div>\n\t\t\t\t\t<\/div>\n\t\t<\/div>\n\t\t\t\t<div class=\"elementor-column elementor-col-50 elementor-top-column elementor-element elementor-element-0defa10\" data-id=\"0defa10\" data-element_type=\"column\">\n\t\t\t<div class=\"elementor-widget-wrap elementor-element-populated\">\n\t\t\t\t\t\t\t\t<div class=\"elementor-element elementor-element-2890a52 elementor-widget elementor-widget-ova_heading\" data-id=\"2890a52\" data-element_type=\"widget\" data-widget_type=\"ova_heading.default\">\n\t\t\t\t<div class=\"elementor-widget-container\">\n\t\t\t\t\t<div class=\"ova-heading\">\n\n\t\t\t\t\t\t\t<h4 class=\"sub_title thrid_font\">Misyonumuz<\/h4>\n\t\t\t\t\t\t\n\t\t\t\t\t\t\t<h2 class=\"title second_font\">G\u00f6revimiz<\/h2>\n\t\t\t\n\t\t\t\n\t\t<\/div>\n\t\t\t\t<\/div>\n\t\t\t\t<\/div>\n\t\t\t\t<div class=\"elementor-element elementor-element-78f7acb elementor-widget elementor-widget-text-editor\" data-id=\"78f7acb\" data-element_type=\"widget\" data-widget_type=\"text-editor.default\">\n\t\t\t\t<div class=\"elementor-widget-container\">\n\t\t\t\t\t\t\t<p>\u0130nsana hizmetin en de\u011ferli i\u015f oldu\u011fu bilincinden asla ayr\u0131lmadan, kooperatif y\u00f6netimi ce \u00e7al\u0131\u015fanlar\u0131 ile ortaklar aras\u0131nda hi\u00e7bir ayr\u0131m yapmadan e\u015fitlik ilkesine dayanarak ve ahlaki kurallardan \u00f6d\u00fcn vermeden, ortaklar\u0131m\u0131za g\u00fcler y\u00fczle, samimiyetle hizmetimizi yerine getirmektir.<\/p>\t\t\t\t\t\t<\/div>\n\t\t\t\t<\/div>\n\t\t\t\t\t<\/div>\n\t\t<\/div>\n\t\t\t\t\t\t\t<\/div>\n\t\t<\/section>\n\t\t\t\t\t\t\t<\/div>\n\t\t","protected":false},"excerpt":{"rendered":"<p>Atk\u00f6y Kooperatifinin Ama\u00e7 ve G\u00f6revleri Vizyonumuz Amac\u0131m\u0131z Ortaklar\u0131m\u0131z\u0131 modern tar\u0131m\u0131 ve hayvanc\u0131l\u0131k i\u015flerinde daha k\u00e2rl\u0131, daha verimli, daha kaliteli \u00fcretime te\u015fvik etmek. Ortaklar\u0131m\u0131z\u0131n bu ama\u00e7ta kar\u015f\u0131la\u015ft\u0131klar\u0131 sorunlarda yard\u0131mda bulunmak, onlara her t\u00fcrl\u00fc deste\u011fi sa\u011flamak. Kooperatifi maddi ve manevi y\u00f6nden g\u00fc\u00e7l\u00fc tutarak ortaklar\u0131m\u0131za g\u00fcven veren bir kurum olarak devam etmek. K\u00f6y\u00fcm\u00fczde yeni i\u015f alanlar\u0131 a\u00e7arak ekonomik [&hellip;]<\/p>\n","protected":false},"author":1,"featured_media":0,"parent":0,"menu_order":0,"comment_status":"closed","ping_status":"closed","template":"elementor_header_footer","meta":{"footnotes":""},"class_list":["post-3065","page","type-page","status-publish","hentry"],"_links":{"self":[{"href":"http:\/\/www.atkoykoop.com\/index.php\/wp-json\/wp\/v2\/pages\/3065","targetHints":{"allow":["GET"]}}],"collection":[{"href":"http:\/\/www.atkoykoop.com\/index.php\/wp-json\/wp\/v2\/pages"}],"about":[{"href":"http:\/\/www.atkoykoop.com\/index.php\/wp-json\/wp\/v2\/types\/page"}],"author":[{"embeddable":true,"href":"http:\/\/www.atkoykoop.com\/index.php\/wp-json\/wp\/v2\/users\/1"}],"replies":[{"embeddable":true,"href":"http:\/\/www.atkoykoop.com\/index.php\/wp-json\/wp\/v2\/comments?post=3065"}],"version-history":[{"count":11,"href":"http:\/\/www.atkoykoop.com\/index.php\/wp-json\/wp\/v2\/pages\/3065\/revisions"}],"predecessor-version":[{"id":4746,"href":"http:\/\/www.atkoykoop.com\/index.php\/wp-json\/wp\/v2\/pages\/3065\/revisions\/4746"}],"wp:attachment":[{"href":"http:\/\/www.atkoykoop.com\/index.php\/wp-json\/wp\/v2\/media?parent=3065"}],"curies":[{"name":"wp","href":"https:\/\/api.w.org\/{rel}","templated":true}]}}